{"id":1171,"date":"2023-06-03T11:49:57","date_gmt":"2023-06-03T11:49:57","guid":{"rendered":"http:\/\/fastwpdemo.com\/newwp\/whitehall\/?post_type=tribe_events&#038;p=1171"},"modified":"2023-06-12T13:49:10","modified_gmt":"2023-06-12T13:49:10","slug":"public-affairs-public-safety-committee-meeting-2","status":"publish","type":"tribe_events","link":"https:\/\/montecristi.gob.ec\/en\/event\/public-affairs-public-safety-committee-meeting-2\/","title":{"rendered":"\u00a1Atenci\u00f3n, Montecristi! \ud83d\udc9a\ud83e\udd0d\u2764\ufe0f"},"content":{"rendered":"<div class=\"col-lg-8 col-md-12 col-sm-12 big-column\">\n<div class=\"image-box\">\n<div class=\"row clearfix\">\n<div class=\"col-lg-6 col-md-6 col-sm-12 image-column\"><\/div>\n<div class=\"col-lg-6 col-md-6 col-sm-12 image-column\"><img fetchpriority=\"high\" decoding=\"async\" class=\"alignnone size-medium wp-image-1539\" src=\"https:\/\/montecristi.gob.ec\/wp-content\/uploads\/2021\/06\/352171341_679130560715738_8130913579338631450_n-300x300.jpg\" alt=\"\" width=\"300\" height=\"300\" srcset=\"https:\/\/montecristi.gob.ec\/wp-content\/uploads\/2021\/06\/352171341_679130560715738_8130913579338631450_n-300x300.jpg 300w, https:\/\/montecristi.gob.ec\/wp-content\/uploads\/2021\/06\/352171341_679130560715738_8130913579338631450_n-1024x1024.jpg 1024w, https:\/\/montecristi.gob.ec\/wp-content\/uploads\/2021\/06\/352171341_679130560715738_8130913579338631450_n-150x150.jpg 150w, https:\/\/montecristi.gob.ec\/wp-content\/uploads\/2021\/06\/352171341_679130560715738_8130913579338631450_n-768x768.jpg 768w, https:\/\/montecristi.gob.ec\/wp-content\/uploads\/2021\/06\/352171341_679130560715738_8130913579338631450_n-120x120.jpg 120w, https:\/\/montecristi.gob.ec\/wp-content\/uploads\/2021\/06\/352171341_679130560715738_8130913579338631450_n-270x270.jpg 270w, https:\/\/montecristi.gob.ec\/wp-content\/uploads\/2021\/06\/352171341_679130560715738_8130913579338631450_n-60x60.jpg 60w, https:\/\/montecristi.gob.ec\/wp-content\/uploads\/2021\/06\/352171341_679130560715738_8130913579338631450_n-70x70.jpg 70w, https:\/\/montecristi.gob.ec\/wp-content\/uploads\/2021\/06\/352171341_679130560715738_8130913579338631450_n.jpg 1440w\" sizes=\"(max-width: 300px) 100vw, 300px\" \/><\/div>\n<\/div>\n<\/div>\n<\/div>\n<div class=\"col-lg-4 col-md-12 col-sm-12 text-column\">\n<div class=\"text\">\n<div class=\"group-title\">\n<h3>CINE EN TU BARRIO<\/h3>\n<div class=\"title-shape\"><\/div>\n<\/div>\n<p>Este 6 de junio, les traemos una oportunidad \u00fanica de disfrutar de una proyecci\u00f3n especial de cortometrajes del festival cine joven.<\/p>\n<p>\u00danete a nosotros en la sala de la Asociaci\u00f3n de Ayuda Mutua y Mortuoria San Jos\u00e9 a las 8:00 pm.<\/p>\n<p>\u00a1Te esperamos!<\/p>\n<p><a class=\"theme-btn\" href=\"#\">+ Calendar<\/a><\/p>\n<\/div>\n<\/div>","protected":false},"excerpt":{"rendered":"<p>CINE EN TU BARRIO Este 6 de junio, les traemos una oportunidad \u00fanica de disfrutar de una proyecci\u00f3n especial de cortometrajes del festival cine joven. \u00danete a nosotros en la [&hellip;]<\/p>\n","protected":false},"author":1,"featured_media":1539,"template":"","meta":{"_tribe_events_status":"","_tribe_events_status_reason":"","footnotes":""},"tags":[],"tribe_events_cat":[28],"class_list":["post-1171","tribe_events","type-tribe_events","status-publish","has-post-thumbnail","hentry","tribe_events_cat-eventos-2023","cat_eventos-2023"],"_links":{"self":[{"href":"https:\/\/montecristi.gob.ec\/en\/wp-json\/wp\/v2\/tribe_events\/1171","targetHints":{"allow":["GET"]}}],"collection":[{"href":"https:\/\/montecristi.gob.ec\/en\/wp-json\/wp\/v2\/tribe_events"}],"about":[{"href":"https:\/\/montecristi.gob.ec\/en\/wp-json\/wp\/v2\/types\/tribe_events"}],"author":[{"embeddable":true,"href":"https:\/\/montecristi.gob.ec\/en\/wp-json\/wp\/v2\/users\/1"}],"version-history":[{"count":3,"href":"https:\/\/montecristi.gob.ec\/en\/wp-json\/wp\/v2\/tribe_events\/1171\/revisions"}],"predecessor-version":[{"id":1541,"href":"https:\/\/montecristi.gob.ec\/en\/wp-json\/wp\/v2\/tribe_events\/1171\/revisions\/1541"}],"wp:featuredmedia":[{"embeddable":true,"href":"https:\/\/montecristi.gob.ec\/en\/wp-json\/wp\/v2\/media\/1539"}],"wp:attachment":[{"href":"https:\/\/montecristi.gob.ec\/en\/wp-json\/wp\/v2\/media?parent=1171"}],"wp:term":[{"taxonomy":"post_tag","embeddable":true,"href":"https:\/\/montecristi.gob.ec\/en\/wp-json\/wp\/v2\/tags?post=1171"},{"taxonomy":"tribe_events_cat","embeddable":true,"href":"https:\/\/montecristi.gob.ec\/en\/wp-json\/wp\/v2\/tribe_events_cat?post=1171"}],"curies":[{"name":"wp","href":"https:\/\/api.w.org\/{rel}","templated":true}]}}

¡Atención, Montecristi! 💚🤍❤️

<div class="col-lg-8 col-md-12 col-sm-12 big-column">
<div class="image-box">
<div class="row clearfix">
<div class="col-lg-6 col-md-6 col-sm-12 image-column"></div>
<div class="col-lg-6 col-md-6 col-sm-12 image-column"><img fetchpriority="high" decoding="async" class="alignnone size-medium wp-image-1539" src="https://montecristi.gob.ec/wp-content/uploads/2021/06/352171341_679130560715738_8130913579338631450_n-300x300.jpg" alt="" width="300" height="300" srcset="https://montecristi.gob.ec/wp-content/uploads/2021/06/352171341_679130560715738_8130913579338631450_n-300x300.jpg 300w, https://montecristi.gob.ec/wp-content/uploads/2021/06/352171341_679130560715738_8130913579338631450_n-1024x1024.jpg 1024w, https://montecristi.gob.ec/wp-content/uploads/2021/06/352171341_679130560715738_8130913579338631450_n-150x150.jpg 150w, https://montecristi.gob.ec/wp-content/uploads/2021/06/352171341_679130560715738_8130913579338631450_n-768x768.jpg 768w, https://montecristi.gob.ec/wp-content/uploads/2021/06/352171341_679130560715738_8130913579338631450_n-120x120.jpg 120w, https://montecristi.gob.ec/wp-content/uploads/2021/06/352171341_679130560715738_8130913579338631450_n-270x270.jpg 270w, https://montecristi.gob.ec/wp-content/uploads/2021/06/352171341_679130560715738_8130913579338631450_n-60x60.jpg 60w, https://montecristi.gob.ec/wp-content/uploads/2021/06/352171341_679130560715738_8130913579338631450_n-70x70.jpg 70w, https://montecristi.gob.ec/wp-content/uploads/2021/06/352171341_679130560715738_8130913579338631450_n.jpg 1440w" sizes="(max-width: 300px) 100vw, 300px" /></div>
</div>
</div>
</div>
<div class="col-lg-4 col-md-12 col-sm-12 text-column">
<div class="text">
<div class="group-title">
<h3>CINE EN TU BARRIO</h3>
<div class="title-shape"></div>
</div>
<p>Este 6 de junio, les traemos una oportunidad única de disfrutar de una proyección especial de cortometrajes del festival cine joven.</p>
<p>Únete a nosotros en la sala de la Asociación de Ayuda Mutua y Mortuoria San José a las 8:00 pm.</p>
<p>¡Te esperamos!</p>
<p><a class="theme-btn" href="#">+ Calendar</a></p>
</div>
</div>

<p>CINE EN TU BARRIO Este 6 de junio, les traemos una oportunidad única de disfrutar de una proyección especial de cortometrajes del festival cine joven. Únete a nosotros en la [&hellip;]</p>
