{"id":1172,"date":"2023-06-03T11:47:36","date_gmt":"2023-06-03T11:47:36","guid":{"rendered":"http:\/\/fastwpdemo.com\/newwp\/whitehall\/?post_type=tribe_events&#038;p=1172"},"modified":"2023-06-12T04:48:39","modified_gmt":"2023-06-12T04:48:39","slug":"manabitismo-con-nosotros","status":"publish","type":"tribe_events","link":"https:\/\/montecristi.gob.ec\/en\/event\/manabitismo-con-nosotros\/","title":{"rendered":"\u00a1\u00danete a la agenda cultural del Manabitismo y celebra con nosotros!"},"content":{"rendered":"<div class=\"col-lg-8 col-md-12 col-sm-12 big-column\">\n<div class=\"image-box\">\n<div class=\"row clearfix\">\n<div class=\"col-lg-6 col-md-6 col-sm-12 image-column\"><\/div>\n<div class=\"col-lg-6 col-md-6 col-sm-12 image-column\"><img fetchpriority=\"high\" decoding=\"async\" class=\"alignnone size-medium wp-image-1542\" src=\"https:\/\/montecristi.gob.ec\/wp-content\/uploads\/2021\/06\/351345952_668199108472757_7947581610232072707_n-300x300.jpg\" alt=\"\" width=\"300\" height=\"300\" srcset=\"https:\/\/montecristi.gob.ec\/wp-content\/uploads\/2021\/06\/351345952_668199108472757_7947581610232072707_n-300x300.jpg 300w, https:\/\/montecristi.gob.ec\/wp-content\/uploads\/2021\/06\/351345952_668199108472757_7947581610232072707_n-1024x1024.jpg 1024w, https:\/\/montecristi.gob.ec\/wp-content\/uploads\/2021\/06\/351345952_668199108472757_7947581610232072707_n-150x150.jpg 150w, https:\/\/montecristi.gob.ec\/wp-content\/uploads\/2021\/06\/351345952_668199108472757_7947581610232072707_n-768x768.jpg 768w, https:\/\/montecristi.gob.ec\/wp-content\/uploads\/2021\/06\/351345952_668199108472757_7947581610232072707_n-120x120.jpg 120w, https:\/\/montecristi.gob.ec\/wp-content\/uploads\/2021\/06\/351345952_668199108472757_7947581610232072707_n-270x270.jpg 270w, https:\/\/montecristi.gob.ec\/wp-content\/uploads\/2021\/06\/351345952_668199108472757_7947581610232072707_n-60x60.jpg 60w, https:\/\/montecristi.gob.ec\/wp-content\/uploads\/2021\/06\/351345952_668199108472757_7947581610232072707_n-70x70.jpg 70w, https:\/\/montecristi.gob.ec\/wp-content\/uploads\/2021\/06\/351345952_668199108472757_7947581610232072707_n.jpg 1440w\" sizes=\"(max-width: 300px) 100vw, 300px\" \/><\/div>\n<\/div>\n<\/div>\n<\/div>\n<div class=\"col-lg-4 col-md-12 col-sm-12 text-column\">\n<div class=\"text\">\n<div class=\"group-title\">\n<h3>\u00a1\u00danete a la agenda cultural del Manabitismo y celebra con nosotros!<\/h3>\n<div class=\"title-shape\"><\/div>\n<\/div>\n<div class=\"x11i5rnm xat24cr x1mh8g0r x1vvkbs xtlvy1s x126k92a\">\n<div dir=\"auto\">Iniciamos con un Acto C\u00edvico en conmemoraci\u00f3n de la primera gesta de la revoluci\u00f3n liberal a las 08:00 am, en la Plazoleta Eloy Alfaro. Recordemos juntos la valent\u00eda y el esp\u00edritu de nuestros antepasados.<\/div>\n<\/div>\n<div class=\"x11i5rnm xat24cr x1mh8g0r x1vvkbs xtlvy1s x126k92a\">\n<div dir=\"auto\">Luego, a las 08:30 am, te invitamos a adoptar un \u00e1rbol del proyecto Oxigenemos Montecristi. Contribuye a preservar nuestra naturaleza y haz parte del cambio en la Plazoleta Eloy Alfaro.<\/div>\n<\/div>\n<div class=\"x11i5rnm xat24cr x1mh8g0r x1vvkbs xtlvy1s x126k92a\">\n<div dir=\"auto\">A las 09:00 am, no te pierdas la Hora C\u00edvica en la Parroquia Colorado. Un momento para enaltecer nuestros valores y fortalecer el tejido social de nuestra comunidad.<\/div>\n<\/div>\n<div class=\"x11i5rnm xat24cr x1mh8g0r x1vvkbs xtlvy1s x126k92a\">\n<div dir=\"auto\">\u00a1Vive el Manabitismo en toda su plenitud, cultura y compromiso! Te esperamos en cada evento con los brazos abiertos. <span class=\"x3nfvp2 x1j61x8r x1fcty0u xdj266r xhhsvwb xat24cr xgzva0m xxymvpz xlup9mm x1kky2od\"><img decoding=\"async\" src=\"https:\/\/static.xx.fbcdn.net\/images\/emoji.php\/v9\/ted\/1.5\/16\/1f49a.png\" alt=\"\ud83d\udc9a\" width=\"16\" height=\"16\" \/><\/span><span class=\"x3nfvp2 x1j61x8r x1fcty0u xdj266r xhhsvwb xat24cr xgzva0m xxymvpz xlup9mm x1kky2od\"><img decoding=\"async\" src=\"https:\/\/static.xx.fbcdn.net\/images\/emoji.php\/v9\/t1e\/1.5\/16\/1f90d.png\" alt=\"\ud83e\udd0d\" width=\"16\" height=\"16\" \/><\/span><span class=\"x3nfvp2 x1j61x8r x1fcty0u xdj266r xhhsvwb xat24cr xgzva0m xxymvpz xlup9mm x1kky2od\"><img loading=\"lazy\" decoding=\"async\" src=\"https:\/\/static.xx.fbcdn.net\/images\/emoji.php\/v9\/tf3\/1.5\/16\/2764.png\" alt=\"\u2764\ufe0f\" width=\"16\" height=\"16\" \/><\/span><\/div>\n<\/div>\n<p><a class=\"theme-btn\" href=\"#\">+ Calendar<\/a><\/p>\n<\/div>\n<\/div>","protected":false},"excerpt":{"rendered":"<p>\u00a1\u00danete a la agenda cultural del Manabitismo y celebra con nosotros! Iniciamos con un Acto C\u00edvico en conmemoraci\u00f3n de la primera gesta de la revoluci\u00f3n liberal a las 08:00 am, [&hellip;]<\/p>\n","protected":false},"author":1,"featured_media":1542,"template":"","meta":{"_tribe_events_status":"","_tribe_events_status_reason":"","footnotes":""},"tags":[],"tribe_events_cat":[28],"class_list":["post-1172","tribe_events","type-tribe_events","status-publish","has-post-thumbnail","hentry","tribe_events_cat-eventos-2023","cat_eventos-2023"],"_links":{"self":[{"href":"https:\/\/montecristi.gob.ec\/en\/wp-json\/wp\/v2\/tribe_events\/1172","targetHints":{"allow":["GET"]}}],"collection":[{"href":"https:\/\/montecristi.gob.ec\/en\/wp-json\/wp\/v2\/tribe_events"}],"about":[{"href":"https:\/\/montecristi.gob.ec\/en\/wp-json\/wp\/v2\/types\/tribe_events"}],"author":[{"embeddable":true,"href":"https:\/\/montecristi.gob.ec\/en\/wp-json\/wp\/v2\/users\/1"}],"version-history":[{"count":3,"href":"https:\/\/montecristi.gob.ec\/en\/wp-json\/wp\/v2\/tribe_events\/1172\/revisions"}],"predecessor-version":[{"id":1544,"href":"https:\/\/montecristi.gob.ec\/en\/wp-json\/wp\/v2\/tribe_events\/1172\/revisions\/1544"}],"wp:featuredmedia":[{"embeddable":true,"href":"https:\/\/montecristi.gob.ec\/en\/wp-json\/wp\/v2\/media\/1542"}],"wp:attachment":[{"href":"https:\/\/montecristi.gob.ec\/en\/wp-json\/wp\/v2\/media?parent=1172"}],"wp:term":[{"taxonomy":"post_tag","embeddable":true,"href":"https:\/\/montecristi.gob.ec\/en\/wp-json\/wp\/v2\/tags?post=1172"},{"taxonomy":"tribe_events_cat","embeddable":true,"href":"https:\/\/montecristi.gob.ec\/en\/wp-json\/wp\/v2\/tribe_events_cat?post=1172"}],"curies":[{"name":"wp","href":"https:\/\/api.w.org\/{rel}","templated":true}]}}

¡Únete a la agenda cultural del Manabitismo y celebra con nosotros!

<div class="col-lg-8 col-md-12 col-sm-12 big-column">
<div class="image-box">
<div class="row clearfix">
<div class="col-lg-6 col-md-6 col-sm-12 image-column"></div>
<div class="col-lg-6 col-md-6 col-sm-12 image-column"><img fetchpriority="high" decoding="async" class="alignnone size-medium wp-image-1542" src="https://montecristi.gob.ec/wp-content/uploads/2021/06/351345952_668199108472757_7947581610232072707_n-300x300.jpg" alt="" width="300" height="300" srcset="https://montecristi.gob.ec/wp-content/uploads/2021/06/351345952_668199108472757_7947581610232072707_n-300x300.jpg 300w, https://montecristi.gob.ec/wp-content/uploads/2021/06/351345952_668199108472757_7947581610232072707_n-1024x1024.jpg 1024w, https://montecristi.gob.ec/wp-content/uploads/2021/06/351345952_668199108472757_7947581610232072707_n-150x150.jpg 150w, https://montecristi.gob.ec/wp-content/uploads/2021/06/351345952_668199108472757_7947581610232072707_n-768x768.jpg 768w, https://montecristi.gob.ec/wp-content/uploads/2021/06/351345952_668199108472757_7947581610232072707_n-120x120.jpg 120w, https://montecristi.gob.ec/wp-content/uploads/2021/06/351345952_668199108472757_7947581610232072707_n-270x270.jpg 270w, https://montecristi.gob.ec/wp-content/uploads/2021/06/351345952_668199108472757_7947581610232072707_n-60x60.jpg 60w, https://montecristi.gob.ec/wp-content/uploads/2021/06/351345952_668199108472757_7947581610232072707_n-70x70.jpg 70w, https://montecristi.gob.ec/wp-content/uploads/2021/06/351345952_668199108472757_7947581610232072707_n.jpg 1440w" sizes="(max-width: 300px) 100vw, 300px" /></div>
</div>
</div>
</div>
<div class="col-lg-4 col-md-12 col-sm-12 text-column">
<div class="text">
<div class="group-title">
<h3>¡Únete a la agenda cultural del Manabitismo y celebra con nosotros!</h3>
<div class="title-shape"></div>
</div>
<div class="x11i5rnm xat24cr x1mh8g0r x1vvkbs xtlvy1s x126k92a">
<div dir="auto">Iniciamos con un Acto Cívico en conmemoración de la primera gesta de la revolución liberal a las 08:00 am, en la Plazoleta Eloy Alfaro. Recordemos juntos la valentía y el espíritu de nuestros antepasados.</div>
</div>
<div class="x11i5rnm xat24cr x1mh8g0r x1vvkbs xtlvy1s x126k92a">
<div dir="auto">Luego, a las 08:30 am, te invitamos a adoptar un árbol del proyecto Oxigenemos Montecristi. Contribuye a preservar nuestra naturaleza y haz parte del cambio en la Plazoleta Eloy Alfaro.</div>
</div>
<div class="x11i5rnm xat24cr x1mh8g0r x1vvkbs xtlvy1s x126k92a">
<div dir="auto">A las 09:00 am, no te pierdas la Hora Cívica en la Parroquia Colorado. Un momento para enaltecer nuestros valores y fortalecer el tejido social de nuestra comunidad.</div>
</div>
<div class="x11i5rnm xat24cr x1mh8g0r x1vvkbs xtlvy1s x126k92a">
<div dir="auto">¡Vive el Manabitismo en toda su plenitud, cultura y compromiso! Te esperamos en cada evento con los brazos abiertos. <span class="x3nfvp2 x1j61x8r x1fcty0u xdj266r xhhsvwb xat24cr xgzva0m xxymvpz xlup9mm x1kky2od"><img decoding="async" src="https://static.xx.fbcdn.net/images/emoji.php/v9/ted/1.5/16/1f49a.png" alt="💚" width="16" height="16" /></span><span class="x3nfvp2 x1j61x8r x1fcty0u xdj266r xhhsvwb xat24cr xgzva0m xxymvpz xlup9mm x1kky2od"><img decoding="async" src="https://static.xx.fbcdn.net/images/emoji.php/v9/t1e/1.5/16/1f90d.png" alt="🤍" width="16" height="16" /></span><span class="x3nfvp2 x1j61x8r x1fcty0u xdj266r xhhsvwb xat24cr xgzva0m xxymvpz xlup9mm x1kky2od"><img loading="lazy" decoding="async" src="https://static.xx.fbcdn.net/images/emoji.php/v9/tf3/1.5/16/2764.png" alt="❤️" width="16" height="16" /></span></div>
</div>
<p><a class="theme-btn" href="#">+ Calendar</a></p>
</div>
</div>

<p>¡Únete a la agenda cultural del Manabitismo y celebra con nosotros! Iniciamos con un Acto Cívico en conmemoración de la primera gesta de la revolución liberal a las 08:00 am, [&hellip;]</p>
